-101 - 110111001000000101000100010?
-110111001000000101000100111
In base 12, what is 4 + -4b344?
-4b340
In base 11, what is 17 + 508415?
508431
In base 16, what is 13d - -14526?
14663
In base 15, what is 41e + 1cea3?
1d3c2
In base 10, what is 1021191 - 57?
1021134
In base 9, what is -18252426 - 3?
-18252430
In base 16, what is -2 - 5e6790?
-5e6792
In base 3, what is -12 + 1201212222221?
1201212222202
In base 10, what is 4512306 + 71?
4512377
In base 9, what is 5067724 - 6?
5067717
In base 8, what is -7205 + 3665?
-3320
In base 5, what is 2044 + 13212132?
13214231
In base 8, what is 10 - 11452470?
-11452460
In base 6, what is -2423325543 + 20?
-2423325523
In base 15, what is -3139 - -1c4?
-2e65
In base 15, what is -3ed + 3bd?
-30
In base 11, what is 15 - -70a473?
70a488
In base 15, what is 0 - 19ca0e?
-19ca0e
In base 15, what is -1 + -58704e?
-587050
In base 4, what is 20011132 + -11022?
20000110
In base 3, what is -2110201 - 21012120?
-100200021
In base 6, what is 2313445 - -13321?
2331210
In base 16, what is -45a17c9 - 0?
-45a17c9
In base 2, what is 1000111111110010011 - -1?
1000111111110010100
In base 16, what is bc - e367?
-e2ab
In base 5, what is 332 + 330021?
330403
In base 13, what is 1503737 + 5?
150373c
In base 8, what is 2507757 - 155?
2507602
In base 7, what is 244243644 - -1?
244243645
In base 16, what is 411 - 5a35?
-5624
In base 3, what is -1120011 + 1222021211?
1220201200
In base 2, what is -111000110110111011101 - 0?
-111000110110111011101
In base 14, what is 755ad - -6?
755b5
In base 3, what is -11 - -12120002102?
12120002021
In base 6, what is -402301 + 212?
-402045
In base 4, what is -1102323120210 - 11?
-1102323120221
In base 15, what is -c + -3a436d?
-3a437a
In base 4, what is 32303 - 1120230213?
-1120131310
In base 14, what is -4 - -235c85?
235c81
In base 6, what is 3310120534 - -3?
3310120541
In base 16, what is -6f034 - 101?
-6f135
In base 6, what is 55240150 - 52?
55240054
In base 7, what is 15143663 - 14?
15143646
In base 10, what is 1375922 + 65?
1375987
In base 5, what is -220030 - 2411224?
-3131304
In base 2, what is 101 - 10100001100110110011101000?
-10100001100110110011100011
In base 10, what is -223 - 72729?
-72952
In base 3, what is 20201200 - 202102?
12222021
In base 8, what is 105 + 5247717?
5250024
In base 12, what is 58 + 54666?
54702
In base 6, what is -24010144 + -3?
-24010151
In base 11, what is -496963 - 100?
-496a63
In base 10, what is -175 + 303273?
303098
In base 2, what is -1010011111001100 + 110?
-1010011111000110
In base 7, what is 1660151 - 36?
1660112
In base 16, what is -788d - -24c?
-7641
In base 9, what is 0 + 42326646?
42326646
In base 12, what is -11b1920 - -5?
-11b1917
In base 2, what is 100011 + -1111001011011101101010?
-1111001011011101000111
In base 15, what is e68b + -233?
e458
In base 9, what is -7463623 - 2?
-7463625
In base 5, what is 4 + 2121003232?
2121003241
In base 8, what is 304 + -104206?
-103702
In base 9, what is 1217 - -177372?
178600
In base 3, what is -11002021 - -100210101010?
100122021212
In base 13, what is -33b11 + a0?
-33a41
In base 10, what is 735044226 + 0?
735044226
In base 11, what is -1028926a - 1?
-10289270
In base 10, what is 2 + -65630752?
-65630750
In base 15, what is d0d06 + 166?
d0e6c
In base 7, what is -5016331 - 124?
-5016455
In base 14, what is -6 - 6c04d72?
-6c04d78
In base 3, what is 222100000212022 + -11?
222100000212011
In base 9, what is 21 + -36034538?
-36034517
In base 8, what is -143221 + 1364?
-141635
In base 14, what is 67 + -14469?
-14402
In base 9, what is 0 + 147342456?
147342456
In base 9, what is 3851055170 - -1?
3851055171
In base 6, what is 1405324 - 10352?
1354532
In base 15, what is 5419c8 + -9?
5419be
In base 8, what is 11 - -707066?
707077
In base 3, what is 10110120012 + 201220?
10111022002
In base 16, what is -2172f8a - -9?
-2172f81
In base 10, what is -58 + 425573?
425515
In base 13, what is 298 - 25a4?
-2309
In base 7, what is 542124 - -121?
542245
In base 5, what is -4441310 + 1003403?
-3432402
In base 16, what is -5f2 - -338?
-2ba
In base 7, what is -1241 + 120066?
115525
In base 10, what is 573302 - -22?
573324
In base 8, what is 1350 - 15422?
-14052
In base 12, what is -92 + 36136?
36064
In base 11, what is -5a7021 - -9?
-5a7013
In base 7, what is 1 - -21005515?
21005516
In base 13, what is -178c7c02 + 2?
-178c7c00
In base 14, what is 2 - -b3ad4?
b3ad6
In base 13, what is 1 - 1a8698b?
-1a8698a
In base 9, what is -45 + 317375?
317330
In base 16, what is -26d - 386cb?
-38938
In base 5, what is -2412002101 - 0?
-2412002101
In base 2, what is 1100011010101110111 + 1001?
1100011010110000000
In base 11, what is -1122087 + 15?
-1122072
In base 2, what is -11011011011 - -110001111100?
10110100001
In base 6, what is 10 - -1042223110?
1042223120
In base 5, what is 1244 - 1112101?
-1110302
In base 13, what is 4 - -5616a0?
5616a4
In base 2, what is -100011101 - 101111000001001?
-101111100100110
In base 2, what is 1100000001 + -10001000110011?
-1111100110010
In base 4, what is -21000212 - 1030?
-21001302
In base 6, what is -45534 + -23325?
-113303
In base 9, what is 1664441 + 44?
1664485
In base 4, what is -10321 - -220101?
203120
In base 10, what is 198213 - -57?
198270
In base 13, what is b - -569b34?
569b42
In base 3, what is -2010 - 1211022020022?
-1211022022102
In base 8, what is 4 + -26276777?
-26276773
In base 10, what is 9776 - -10308?
20084
In base 6, what is -11 + -30312401?
-30312412
In base 15, what is 348673 + -4d?
348625
In base 12, what is 19b + 14571?
14750
In base 16, what is -1a4bc9 + 2?
-1a4bc7
In base 15, what is 31438e6 - 3?
31438e3
In base 9, what is 131267111 - 6?
131267104
In base 4, what is 232 - -20032301?
20033133
In base 2, what is -1011100101000010 - -1111111?
-1011100011000011
In base 8, what is 10425 - 1536?
6667
In base 9, what is -3371470 - -2?
-3371467
In base 6, what is 2 - 1512144443?
-1512144441
In base 14, what is -2 - -9a623c?
9a623a
In base 7, what is -1545 + -246050?
-250625
In base 14, what is 4 - 56089a9?
-56089a5
In base 4, what is -1133102223101 + -11?
-1133102223112
In base 4, what is 322131011332111 + 11?
322131011332122
In base 6, what is 11305242 + -32?
11305210
In base 9, what is -8418338 + -6?
-8418345
In base 8, what is 2345532635 + 4?
2345532641
In base 6, what is -1352212 + 33?
-1352135
In base 12, what is -322ba - 530?
-3282a
In base 9, what is 2208 - 12418?
-10210
In base 8, what is -267 - -11157112?
11156623
In base 13, what is -1244 - -3891?
264a
In base 9, what is 561 + 66837?
67508
In base 7, what is -344145200 - -6?
-344145161
In base 13, what is 2b5c290 - 3?
2b5c28a
In base 14, what is -2 + 8a303d?
8a303b
In base 16, what is 1f9 - 1fc64?
-1fa6b
In base 11, what is 272 - -a6698?
a695a
In base 15, what is 9a - -104350?
1043ea
In base 13, what is -300021 + 18?
-300006
In base 15, what is e953d0 + -e?
e953c1
In base 9, what is 2382060 - 211?
2381748
In base 10, what is -10 - 11263047?
-11263057
In base 15, what is 6e7b9 + -7?
6e7b2
In base 2, what is -1010011 - 10100111011010001?
-10100111100100100
In base 14, what is 198b217 + 1?
198b218
In base 5, what is 10233431334 + 2?
10233431341
In base 5, what is -1320 - -103044344?
103043024
In base 4, what is 32111110 + 12302?
32130012
In base 6, what is -3 - 1031350311?
-1031350314
In base 15, what is 1875d74d + -3?
1875d74a
In base 6, what is 0 + -325311242?
-325311242
In base 7, what is 24066 - 5324?
15442
In base 7, what is 10036 + 615521?
625560
In base 3, what is 212002 + -221200100?
-220211021
In base 14, what is -18902 - 23a?
-18b3c
In base 15, what is -95 + e2e?
d89
In base 9, what is -4 - 20143712?
-20143716
In base 8, what is -22643557 - 43?
-22643622
In base 6, what is -1 + 3343203?
3343202
In base 12, what is -31 + 1b9b4?
1b983
In base 9, what is -274 - 18557?
-18842
In base 10, what is -1197 + -117934?
-119131
In base 2, what is 101 - -110001101100101010111101000?
110001101100101010111101101
In base 7, what is 360 + -54366?
-54006
In base 4, what is -120223 + -23131303?
-23312132
In base 12, what is -7 + -49b4783?
-49b478a
In base 11, what is -30 - 7407721?
-7407751
In base 9, what is -121801766 + 4?
-121801762
In base 7, what is 3 - -3306300606?
3306300612
In base 2, what is 100000010000001 - 1000100000?
11111001100001